uppose z*w - 8*w = -480. What is the tens digit of w?
9
Let o(f) = -13*f - 15. Let a be (3 - 0)*(13/(-3) + 1). What is the units digit of o(a)?
5
Suppose 5*h - 75 = 2*h. Let w = h - -39. Suppose -5*c = -c - w. What is the tens digit of c?
1
What is the units digit of 0 + -4 + (-4104)/(-8) + -9?
0
Let n = 6 - 8. Let y(q) = 0*q**3 + q**2 - 7*q**2 + q + 3*q**3 - 4*q**3 + 1 + 5*q**2. What is the units digit of y(n)?
3
Suppose 3*s = -p + 541, s - 4*p = -9*p + 171. What is the units digit of s?
1
Suppose 4*g - 36 - 12 = 0. Let t = -39 + 65. Suppose -g = -a + t. What is the tens digit of a?
3
Let c be 18/(-63) + (-65)/(-7). Suppose 3*d = 2*d + 2. Suppose 0 = z - c + d. What is the units digit of z?
7
Let i(q) = 6*q - 32. Let f be i(15). What is the units digit of -3 + (-1 - 0) + f?
4
Let i(n) = -190*n + 34. What is the units digit of i(-8)?
4
Let t(b) be the first derivative of -b**4/4 + 19*b**3/3 - 7*b**2 + 16*b + 27. What is the units digit of t(18)?
8
Let z = 10650 + -5694. What is the units digit of z?
6
Suppose -3*l + 2*c + 288 = -0*l, -l + c = -97. Suppose -l = -7*v + 424. What is the units digit of v?
4
Suppose -3*v + 574 = j + 30, v - 1608 = -3*j. What is the units digit of j/10 + (-2)/(-4)?
4
Let y(t) = 60*t + 255. What is the tens digit of y(8)?
3
Let r(y) = -141*y**3 - y**2 + 10*y + 24. What is the units digit of r(-3)?
2
What is the hundreds digit of ((-6)/(-5)*3)/(31/4805)?
5
Let r(p) be the first derivative of 3*p**3 - 25*p**2/2 - 6*p + 16. What is the hundreds digit of r(6)?
1
Let a(i) = -773*i - 160. What is the hundreds digit of a(-6)?
4
Let m = 7 + -3. Let p be 1/(-1)*(1 - m). Suppose 0*b - 2 = -2*b + 4*l, p = 3*b + 5*l. What is the units digit of b?
1
Let z = -847 - -1449. What is the tens digit of z?
0
Suppose o + 4*t - 165 = 346, 5*o = -t + 2631. What is the units digit of o?
7
Suppose -f - 13 = -b - 0*f, 3*f = -5*b + 41. Let l be 326/(-9) - -6*12/324. What is the tens digit of l/(-4)*b/3?
3
Let y(s) = -2 - 6 + 4*s**2 + s + 9 - 2*s. Suppose 3*u = -2*u + 10. What is the tens digit of y(u)?
1
Suppose -4*c = 5*s + 46 - 66, 4*c - 12 = -4*s. What is the units digit of s?
8
Let n(f) = 9*f**2 - 2*f + 3. Let s be n(1). Suppose s*j - 1906 = 1094. What is the units digit of j?
0
Suppose -4*g + 10542 = -3*r, 2*g - 5043 - 235 = 5*r. What is the hundreds digit of g?
6
Let f = -226 + 1542. What is the tens digit of f?
1
Let a(d) = d**3 + 5*d**2 - 2*d - 7. Suppose -7 = 4*b + 13. Let c be a(b). Let u(t) = 12*t + 5. What is the units digit of u(c)?
1
Let j(v) = -6*v + 288. What is the units digit of j(0)?
8
Let d be (-2 - 8) + 4 - 3. Let r = 3 + d. Let z(s) = -s**3 - 3*s**2 + 4*s - 5. What is the units digit of z(r)?
9
Suppose -109 + 337 = 3*d. What is the units digit of d?
6
Let t = 488 - -73. What is the tens digit of t?
6
Let h = -1753 + 2117. What is the tens digit of h?
6
Suppose -3*g + 30 + 6 = 0. Suppose -g = m - 4*m. Suppose -i = -m*i + 18. What is the units digit of i?
6
Let v be (5/(-3) + 2)*(-6 - -3). What is the tens digit of (v - 2) + (-10)/(-2) + 92?
9
Let i(m) = m + 4. Let z be i(-9). Let h(r) = r**2 + 3*r - 3. Let c be h(z). Suppose -c = -d + 25. What is the tens digit of d?
3
Suppose -9*p = -5*p. Suppose 0*k - 5*k + 64 = y, y - 3*k - 72 = p. What is the tens digit of y?
6
Let t = 1570 - -74. What is the tens digit of t?
4
Suppose -3*m = -4*n + 6, m + 4*n - 20 = -3*m. Suppose -3*w - v = 22, -10 + m = -2*w + 5*v. What is the units digit of ((-6)/(-4))/((-1)/w)?
9
Suppose 5*s - 432 = -s. Suppose 48 = 2*y - 4*z - 0*z, -4*z - s = -3*y. What is the tens digit of y?
2
Suppose 44*c = 42*c + 100. What is the tens digit of c?
5
What is the tens digit of 2263786/582 + (-1)/((-6)/(-4))?
8
Suppose 2*l - 394 = x, 3*l + 988 = 8*l - 4*x. What is the units digit of l?
6
Suppose -7*u - 12342 = -29*u. What is the hundreds digit of u?
5
What is the hundreds digit of ((-10045)/(-100) - (-4)/(-20))*12?
2
What is the tens digit of (-20)/(-70) + (-3477)/(-7)?
9
Suppose 5*s + 1990 - 289 = 2*w, 2589 = 3*w + 5*s. What is the hundreds digit of w?
8
Suppose y - 18 = 6*y - c, 24 = -3*y + 5*c. Suppose -618 - 577 = 4*k + x, -575 = 2*k + 5*x. What is the tens digit of k/(-8) + y/2?
3
Let y be 33/(-88) + (-1606)/(-16). What is the units digit of (-35)/(-2)*y/35?
0
Let f be 5/10 + 1/(-2). Suppose 20 = -f*d - 2*d. Let n = 9 - d. What is the tens digit of n?
1
Let j(t) = t**3 + 4*t**2 - 2*t - 6. Let a be j(-4). Suppose 2*o - z = -63, -6*z = a*o - 2*z + 58. Let u = 47 + o. What is the tens digit of u?
1
Suppose -15 = -5*j + 5*k, -5*k - 6 = -5*j - 3*k. Suppose 4*d - 42 - 118 = j. What is the tens digit of d?
4
Let k(h) = -2*h - 8. Suppose w - 8 = 2. Let d be -2 + w*3/(-6). What is the units digit of k(d)?
6
Let k be 1/(-2) - (-258)/12. Let y = 70 + k. What is the tens digit of y?
9
Suppose u - 2*u - 9 = 0. What is the units digit of 9/12*(-24)/u?
2
Let k be 4 + -3 + (0 - 1). Let l be (-73)/(-5) + (-30)/(-75). Suppose k = i - l - 11. What is the tens digit of i?
2
What is the hundreds digit of 1755/(-30)*-4*7?
6
Suppose 3*w = 4*f + 39, -3*f + 5*w + 0*w - 43 = 0. Let k be 8/f*30/(-20). Suppose -k*t = -51 - 23. What is the tens digit of t?
3
Let g(b) = 272*b - 229. What is the tens digit of g(7)?
7
Let z(t) = t**2 + 7*t - 7. Let u be z(-8). Let b be ((-28)/(-49))/(u/7). Suppose b = j - 18. What is the units digit of j?
2
Suppose s - 7 = -0*s. Let h(w) = w + 17. What is the tens digit of h(s)?
2
Let v(k) = k**2 + 6*k - 1. Let o be v(-4). Let g be (-1 - o/(-6))*-2. Let n = 16 - g. What is the units digit of n?
1
Suppose -5*r = -170 - 1185. What is the tens digit of r?
7
Let g(o) = o**3 + 8*o**2 + 7*o + 3. Let q be g(-7). Let b be (-3)/q + 8*11. Suppose -b = -5*w + 38. What is the tens digit of w?
2
Let l be (7 + -9)/((-2)/12). Let w(y) = -y**3 + 3*y**2 - y - 2. Let k be w(2). Suppose k = -2*d - 3*n + 34 - l, 21 = d - n. What is the tens digit of d?
1
Suppose -u = 4*u + 2*f - 80, -3 = -2*u + 5*f. Let h be ((-8)/20)/(2/(-40)). Let q = u - h. What is the units digit of q?
6
Let d = -9 - -15. Suppose -2*i + 8*i + d = 0. What is the tens digit of (31/(-3))/(i/3)?
3
Let m = 177 - -345. What is the hundreds digit of m?
5
Let u(m) = m**2 + 10*m - 10. Let r be u(-9). Let l = r + 46. What is the tens digit of l?
2
Let y(d) = d**2 + d + 1. Let q be y(2). Suppose j + 2*a = 176, 2*a = 4*j + q*a - 716. What is the tens digit of j?
8
Suppose 4*y = 2*c - 30, -7 = -3*c + 2*y + 30. What is the tens digit of -3 + 43 + (c + 1)/(-3)?
3
Let c be -2*1 - (4 - 7). Let a be c + (34 - (-5 + 3)). Let s = -21 + a. What is the units digit of s?
6
Suppose -14 = 2*r + 5*w, 2*r + 3 = -4*w - 7. Let h(d) = 7*d. Let m be h(r). What is the tens digit of (-10)/(-35) - (-1128)/m?
5
Let c(h) = 63*h**2 + 8*h + 5. What is the hundreds digit of c(-4)?
9
Let x be 12/(-54) + 25/(-9). Let l(b) = -77*b - 3. What is the tens digit of l(x)?
2
Let r = 12621 + -8899. What is the tens digit of r?
2
Let p be -3 - (8*4)/(-4). Suppose 2*g = -4*z - g + 193, 3*z - 153 = -p*g. Suppose 2*b = 6, 2*m - 2*b = -6*b + z. What is the tens digit of m?
1
Suppose -5*l = 5 - 15. Let m be 1 - (-5 - (l - 3)). Let c = -4 + m. What is the units digit of c?
1
Suppose -28 = -5*r + 3*l, -3*l = -5*l - 2. Suppose -4*d = 3*a - 55 + 15, -r*d - 4*a = -50. What is the tens digit of 1 - 1 - d/(-1)?
1
Let w(t) = -21*t**3 - 19*t**2 + 9*t + 13. What is the units digit of w(-7)?
2
Let p be 0*(4 + -3)/(-1). Suppose p*r + 481 = 5*r - 3*a, -5*r + 467 = 4*a. What is the tens digit of r?
9
Let v(j) be the second derivative of -j**5/20 - 5*j**4/12 + j**3/3 - 5*j**2/2 + 4*j. What is the tens digit of v(-6)?
1
Let x be (3 + 1 - 3) + 2. Suppose 5*y - x*y - 10 = 0. Suppose -2*i + y*r + 54 = 0, 4*r + 24 = i - 6. What is the tens digit of i?
2
Let u = -15 - -17. Suppose -u*b = 3*b - 280. What is the units digit of b?
6
Suppose 2*q = -3*w + 10 + 2, w + 2*q = 4. What is the units digit of 2*(0 - (-2)/w) + 0?
1
Suppose 3*x - 29 = 1. What is the tens digit of (-12)/60 - (-1012)/x?
0
Suppose -8*i + 3463 - 407 = 0. What is the tens digit of i?
8
Suppose -4*t = 2*j - 6*t, -2*j - 2*t + 8 = 0. Suppose j*m = 101 + 99. What is the hundreds digit of m?
1
Let i(o) = 3*o**2 + 3*o**2 - 5*o + 0*o**2 + 0 + 2. Let m(j) = -5*j**2 + 6*j - 2. Let f(z) = -6*i(z) - 7*m(z). What is the te